14 + 2 = 2*u. Let f(t) = t**3 - t - 1. Let p(m) = -2*m**3 + 5*m + 3. Let z(n) = -3*f(n) - p(n). What is z(a)?
-12
Let w(x) = -10*x - 11. Let f be 8 - (-4 + (-2 - -19)). Determine w(f).
39
Let y(o) = 9*o + 4*o - 8*o + 2*o - 6*o. Let q be (2/(-4) - -2)*-2. What is y(q)?
-3
Let s(p) be the first derivative of 32*p**3/3 + p**2/2 + p - 173. Determine s(-1).
32
Suppose z + 4*r = 6*r + 4, -4*z + r = -2. Let h(v) = -4 + z + 1044*v - 1040*v. Suppose 4*t - 6*t = -8. Give h(t).
12
Let p(r) be the second derivative of -r**4/12 + 5*r**3/2 - 25*r**2/2 - 493*r. Give p(12).
11
Let h(z) = 11*z**3 - 13*z**2 - 11*z - 4. Let l(v) = -2*v**3 + v**2 + v - 1. Let k(q) = h(q) + 5*l(q). Calculate k(9).
18
Suppose 59 = -3*x - 2*p, -4*x + 3*x - 14 = -5*p. Let m = x + 15. Let h(r) = r**2 + 5*r + 6. Determine h(m).
2
Let y(x) be the third derivative of x**5/60 + x**4/4 + 5*x**3/6 + x**2 + 24. Suppose -5 = -4*a + 5*a. What is y(a)?
0
Let u be (-14)/4*60/(-21). Let g(q) = 5 - u + 9 + 3*q. Calculate g(-6).
-14
Let s be ((-12)/10)/((-16)/40). Let p(b) = -s*b + b - 3 + 5*b. Calculate p(-3).
-12
Let b(i) be the first derivative of i**2 - 11*i + 375. What is b(3)?
-5
Let q(v) = 2*v - 38. Suppose -k = -5*j - 21, 3*k - 48*j = -49*j + 47. Calculate q(k).
-6
Let z(g) = 16*g + 6. Let c(l) = -13*l - 7. Let a(p) = 5*c(p) + 4*z(p). What is a(-5)?
-6
Let a be (-14)/2 - 13/((-91)/(-21)). Let p(r) = -22*r - 10. Let n(o) = 2*o + 1. Let j(u) = a*n(u) - p(u). Determine j(-4).
-8
Suppose 0 = -8*b - 0*b + 16. Let n(q) = b*q**2 - 5*q - q + 5*q. What is n(-1)?
3
Let h(m) = 2*m - 5. Let i(a) = 3*a - 11. Let x(s) = 5*h(s) - 3*i(s). Let y(d) = -d**2 + 8 + 6 + 2*d + 3*d. Let u be y(7). Give x(u).
8
Suppose -7*r - 23 - 19 = 0. Let u(t) = 4*t + 5. What is u(r)?
-19
Let c(d) = 7*d - 7. Let j(h) = 17*h - 15. Let x(b) = 9*c(b) - 4*j(b). What is x(-5)?
22
Let a(u) = 11*u**2 - 28*u + 1. Let p(c) = c**2 - 14*c. Let f(r) = -a(r) + 2*p(r). Give f(1).
-10
Let j(b) = b**3 + 9*b**2 + 7*b + 3. Let c = 485 - 493. Give j(c).
11
Let h(n) be the first derivative of n**3/6 - n**2 - 3*n + 3. Let z(x) be the first derivative of h(x). What is z(7)?
5
Let h(s) = -s + 12. Let d be 102/8*(-6)/36*-8. Calculate h(d).
-5
Let t(h) = -9*h - 13. Let a(q) = 6*q + 9. Let r(y) = -8*a(y) - 5*t(y). Suppose -3*m - j + 10 = 33, -4*m - 49 = 5*j. Give r(m).
11
Let t(n) = -n - 9*n + 6*n + 6. Calculate t(9).
-30
Let v(f) = f**2 + 10*f + 3. Let m = -217 - -209. Determine v(m).
-13
Let n(o) = o**2 - 8*o + 8. Let j = -12 + 17. Suppose -j*k + 3*k = 10. Let t(v) = -v**2 - 6*v + 1. Let x be t(k). Determine n(x).
-4
Let j(c) = 174*c + 170*c - 332*c - c**2 + 15. What is j(13)?
2
Let x(k) = k**3 - 13*k**2 - 14*k - 18. Let p be x(14). Let b = -17 - p. Let a(o) = 4*o**2 - 2*o + 1. Determine a(b).
3
Let z(s) = -4*s + 3 - 5 + 5*s. What is z(4)?
2
Let t(n) be the third derivative of -n**4/24 + 2*n**3/3 + 2*n**2 - 57. What is t(6)?
-2
Let b = -35 + 28. Let d(v) = -v**3 + 3*v - 4*v - 5*v**2 - 5*v**2 - 2 + 3*v**2. Determine d(b).
5
Suppose -179 = 5*k - 229. Let i(v) = v**2 - 8*v - 13. What is i(k)?
7
Let g(k) = -3*k - 12. Let w(b) = 3*b + 14. Let y(v) = 4*g(v) + 3*w(v). Suppose 4*l - 15 = 49. Let i = 10 - l. Give y(i).
12
Let k(h) = -h**3 - h**2 - 3*h - 4. Suppose 115*d - 113*d + 4 = 0. Determine k(d).
6
Let w(x) be the second derivative of 1/120*x**6 + 1/24*x**4 + 1/2*x**3 + 5*x + 0 + 1/10*x**5 + 3*x**2. Let a(d) be the first derivative of w(d). What is a(-6)?
-3
Let q(n) = -6 + 8 + 0 - 5 - n. Let s be -7 + 3/9*3. Determine q(s).
3
Let z(a) = -a**2 + 4*a + 4. Let p be z(5). Let v(l) = -182 - 176 - 10*l**3 + 24*l**3 + 357. Determine v(p).
-15
Suppose -25*v = -40 - 35. Let w(z) = 1 + 4*z**2 - z**3 - 3*z + 0*z + 0*z**3. What is w(v)?
1
Suppose 2*p - 63 + 3 = 0. Suppose -2*v - 3*v = p. Let n(a) be the first derivative of a**3/3 + 3*a**2 + 7*a - 2. Calculate n(v).
7
Let v(x) = -x**2 + 2*x. Let q = -34 - -37. Calculate v(q).
-3
Suppose -u = -2*v - 10, 3*u = -v + 7 + 9. Suppose u = d + 13. Let i(k) = k**3 + 8*k**2 + 8*k + 4. Give i(d).
-3
Let m(a) = -15*a**2 - 3*a + 3. Let i(p) = p**3 - 6*p**2 - 110*p - 26. Let r be i(14). What is m(r)?
-63
Let b(i) = -i**3 - i**2 + i + 1. Let t(r) = 3*r**3 + 5*r**2 - 7*r - 2. Suppose -a + 4 = -0*a. Let w(v) = a*b(v) + t(v). Let u = 509 - 507. Calculate w(u).
-8
Suppose -3*b + 14 = -1. Let d(s) = 0*s - b*s + 6*s. Determine d(2).
2
Let d(t) = -2*t**2 + 11*t + 2. Let f be 15/(-45)*(-11 - 16/4). Calculate d(f).
7
Let z = 26 - 13. Let i = -9 + z. Suppose 2*f - 1 = 3*a, 2 = -5*a + i*f - 1. Let j(h) = 2*h**3 - h**2 + h. Calculate j(a).
2
Let k = -22 - -25. Let r(b) = -k*b - 2*b + b - 3 + 3*b + b**2. Calculate r(-3).
9
Let c(x) = 408*x**2 - 7 + 13*x**3 + 15*x - 14*x**3 - 422*x**2. Calculate c(-15).
-7
Suppose -2*f + 6 = -0*f. Let r(c) = 29*c - 1 + 13*c - 36*c + 2. Give r(f).
19
Let k(q) = 3*q - 19. Let z be k(6). Let h be (z - (-12)/8)*12. Let p(s) = -s - 3. Give p(h).
-9
Let k(f) = -f**3 - 9*f**2 + 2*f + 48. Let d be k(-10). Let u = -130 + d. Let j(c) = -c - 1. What is j(u)?
1
Let x be 6*(-1 - (-4)/(-8)). Let y(j) = -j**2 - 11*j - 11. Determine y(x).
7
Let w(g) = -g - 3. Let a(b) = -3*b + 7. Let j be a(5). Let p(y) = y**3 + 7*y**2 + 4*y - 3. Let l be p(j). Let c be (-2)/(-9) - (-22)/l. What is w(c)?
-3
Let y(v) be the first derivative of -2*v**2 + v**3 + 2*v + 21 - 1/4*v**4. Determine y(2).
-2
Suppose -4*z = z - 10. Let s(h) = h**3 + z*h - 1 + 4 + 2 + 4*h**2. Let o be ((-104)/130)/((-2)/(-10)). What is s(o)?
-3
Let b(i) = 2*i + 1. Let a be b(2). Suppose 5 = a*z - 0. Suppose z = y + 6. Let k(d) = d**2 + 3*d + 4. Give k(y).
14
Suppose -5*p - w = -30, 0 = 5*p + w + 4*w - 50. Suppose -14 + 4 = -5*r - i, -p*i - 4 = -2*r. Let t(j) = -3*j + 2 - j**3 + j + 1 + 3*j**2. Determine t(r).
3
Let l(a) be the first derivative of -8*a + 1/3*a**3 + 15 + 3*a**2. Give l(-6).
-8
Let v(z) = -288*z + 12 - 2*z**2 + 3*z**2 + z**3 + 297*z + 5*z**2. Calculate v(-5).
-8
Let f(p) = p**3 + 6*p**2 - 7*p + 4. Suppose 5*i = -29 - 6. Let u be f(i). Let y(s) = -2*s**2 + 6*s - 4. Give y(u).
-12
Let z(t) = 2*t**2 + 8*t + 1. Let i(l) = -32*l + 284. Let s be i(9). Determine z(s).
1
Suppose 0 = 5*l - 20, -l + 6 = k + l. Let t be (0 + 3)*(-10)/(-6). Let m(j) = t + 0*j + 2*j - 2 - 2*j**2 - 2*j**3. Determine m(k).
7
Let x = 2 - 1. Suppose 6 - 2 = 2*t. Let v(s) = 1 + 3*s**2 - 2*s**2 + s**t - 4*s**2 - s. What is v(x)?
-2
Suppose 4*b = 2*t + 22, -31 = -0*b - 5*b - t. Let a(q) = -q + 14. Give a(b).
8
Suppose 6 = -z + 3*z. Let g be z/(-2) + 17/2. Let b(u) = -5*u + u**2 + 0*u + 3*u + 5 - 5*u. What is b(g)?
5
Let t(z) = z**2 - 2 + 16*z**3 - 17*z**3 + 5*z - z. Let w be 4*3 - 45/15. Suppose 0 = -3*n + 6*n - w. Determine t(n).
-8
Let v = -1 + 1. Let u be ((-16 + v)/(-4))/(-2). Let k(m) = -m**2 + m. Determine k(u).
-6
Let r(c) = 2*c**2 - 5*c - 7. Let f(w) = 3*w**2 - 9*w - 11. Let t(x) = 3*f(x) - 5*r(x). Determine t(1).
-1
Let w = 277 - 280. Let l(o) = -o**2 - 9*o - 2. Determine l(w).
16
Let x(b) = -b**3 - 5*b**2 + b + 7. Let k be (80/12)/(-4)*3. Determine x(k).
2
Let d = -506 - -505. Let p(y) = -9*y**3 + y**2 + y + 1. Determine p(d).
10
Let o(v) = -v**3 - 5*v**2 + 5*v + 4. Let j = 40 + -11. Suppose 6*a + 7 = -j. What is o(a)?
10
Let z(v) = -5*v + 10. Let g(p) = p + 1. Let a be g(-8). Let u(w) = -9*w + 19. Let c(o) = a*z(o) + 4*u(o). Give c(0).
6
Let j(t) be the third derivative of -t**4/3 - t**3/6 - 2*t**2 + 1107*t. Let o = -3 + 2. Calculate j(o).
7
Suppose d = -3 + 9. Let s(o) = 12 - 7*o - 5 + d*o + 0*o + o**2 + o**3. Let z = -1 - -1. Calculate s(z).
7
Let p(z) = 11*z**3 - 24*z**2 - 46*z - 6. Let h(v) = -7*v**3 + 16*v**2 + 30*v + 4. Let q(o) = 8*h(o) + 5*p(o). Calculate q(9).
11
Let h(t) be the second derivative of t**4/24 + 5*t**3/3 + 25*t**2/2 - 29*t. Let b(z) be the first derivative of h(z). Let y = 7 + -12. Give b(y).
5
Let o(a) = a**3 - 17*a**2 - 20*a + 27. Let m be o(18). Let j = m + 3. Let k(p) = p**3 + 8*p**2 + 8*p - 6. Calculate k(j).
18
Let d(q) = -5*q + 3. Let l = -221 - -216. Determine d(l).
28
Let k(i) = -i**2 - 1. Let b(y) = 2 + 0*y**3 + 5 + y**3 - 3 + y + y**2. Let m be b(-2). What is k(m)?
-5
Let g(m) = m**2 - 7*m + 2. Let h(j) = j**3 - 2*j**2 + 4*j - 2. Let f be h(2). Let t be g(f). Let o(x) = -18*x + 10*x + 2*x + 7*x. Calculate o(t).
-4
Suppose m = p + 2, 9*p = 10*p 